{"id":324,"date":"2014-01-14T17:20:14","date_gmt":"2014-01-14T17:20:14","guid":{"rendered":"http:\/\/themetrust.com\/demos\/port\/?page_id=2"},"modified":"2017-01-24T14:13:43","modified_gmt":"2017-01-24T14:13:43","slug":"portfolio","status":"publish","type":"page","link":"http:\/\/makingsolucoes.com.br\/index.php\/portfolio\/","title":{"rendered":"Portfolio"},"content":{"rendered":"","protected":false},"excerpt":{"rendered":"<p>fale conosco, a\u00e7\u00e3o promocional, eventos, live marketing, marketing promocional, a\u00e7\u00f5es de marketing, ativa\u00e7\u00e3o de marca, blitz, evento corporativo, foto, or\u00e7amento<\/p>\n","protected":false},"author":1,"featured_media":0,"parent":0,"menu_order":2,"comment_status":"closed","ping_status":"closed","template":"page-portfolio.php","meta":{"footnotes":""},"class_list":["post-324","page","type-page","status-publish","hentry"],"_links":{"self":[{"href":"http:\/\/makingsolucoes.com.br\/index.php\/wp-json\/wp\/v2\/pages\/324","targetHints":{"allow":["GET"]}}],"collection":[{"href":"http:\/\/makingsolucoes.com.br\/index.php\/wp-json\/wp\/v2\/pages"}],"about":[{"href":"http:\/\/makingsolucoes.com.br\/index.php\/wp-json\/wp\/v2\/types\/page"}],"author":[{"embeddable":true,"href":"http:\/\/makingsolucoes.com.br\/index.php\/wp-json\/wp\/v2\/users\/1"}],"replies":[{"embeddable":true,"href":"http:\/\/makingsolucoes.com.br\/index.php\/wp-json\/wp\/v2\/comments?post=324"}],"version-history":[{"count":8,"href":"http:\/\/makingsolucoes.com.br\/index.php\/wp-json\/wp\/v2\/pages\/324\/revisions"}],"predecessor-version":[{"id":856,"href":"http:\/\/makingsolucoes.com.br\/index.php\/wp-json\/wp\/v2\/pages\/324\/revisions\/856"}],"wp:attachment":[{"href":"http:\/\/makingsolucoes.com.br\/index.php\/wp-json\/wp\/v2\/media?parent=324"}],"curies":[{"name":"wp","href":"https:\/\/api.w.org\/{rel}","templated":true}]}}