{"id":325,"date":"2014-01-17T15:16:18","date_gmt":"2014-01-17T15:16:18","guid":{"rendered":"http:\/\/themetrust.com\/demos\/port\/?page_id=7"},"modified":"2017-01-25T13:25:59","modified_gmt":"2017-01-25T13:25:59","slug":"home","status":"publish","type":"page","link":"https:\/\/makingsolucoes.com.br\/","title":{"rendered":"Home"},"content":{"rendered":"<p class=\"big\" style=\"text-align: center;\">Quer um or\u00e7amento? Jogar no nosso time? Fazer parte do nosso casting? S\u00f3 dar um al\u00f4 mesmo?<\/p>\n<p class=\"big\" style=\"text-align: center;\">Usa nosso canal &#8220;Fale conosco&#8221;.<\/p>\n<p style=\"text-align: center; padding-top: 30px;\"><a href=\"http:\/\/makingsolucoes.com.br\/index.php\/fale-conosco\/\" target=\"_parent\" style=\"background-color:#76dcc8;\" class=\"button \">Fale conosco<\/a><\/p>\n","protected":false},"excerpt":{"rendered":"<p>fale conosco, a\u00e7\u00e3o promocional, eventos, live marketing, marketing promocional, a\u00e7\u00f5es de marketing, ativa\u00e7\u00e3o de marca, blitz, evento corporativo, foto, or\u00e7amento<\/p>\n","protected":false},"author":1,"featured_media":0,"parent":0,"menu_order":1,"comment_status":"open","ping_status":"open","template":"page-home.php","meta":{"footnotes":""},"class_list":["post-325","page","type-page","status-publish","hentry"],"_links":{"self":[{"href":"https:\/\/makingsolucoes.com.br\/index.php\/wp-json\/wp\/v2\/pages\/325","targetHints":{"allow":["GET"]}}],"collection":[{"href":"https:\/\/makingsolucoes.com.br\/index.php\/wp-json\/wp\/v2\/pages"}],"about":[{"href":"https:\/\/makingsolucoes.com.br\/index.php\/wp-json\/wp\/v2\/types\/page"}],"author":[{"embeddable":true,"href":"https:\/\/makingsolucoes.com.br\/index.php\/wp-json\/wp\/v2\/users\/1"}],"replies":[{"embeddable":true,"href":"https:\/\/makingsolucoes.com.br\/index.php\/wp-json\/wp\/v2\/comments?post=325"}],"version-history":[{"count":11,"href":"https:\/\/makingsolucoes.com.br\/index.php\/wp-json\/wp\/v2\/pages\/325\/revisions"}],"predecessor-version":[{"id":854,"href":"https:\/\/makingsolucoes.com.br\/index.php\/wp-json\/wp\/v2\/pages\/325\/revisions\/854"}],"wp:attachment":[{"href":"https:\/\/makingsolucoes.com.br\/index.php\/wp-json\/wp\/v2\/media?parent=325"}],"curies":[{"name":"wp","href":"https:\/\/api.w.org\/{rel}","templated":true}]}}